650 (base 10) to base 2
-10110001000011010
-7275856 (base 9) to base 16
-3b5548
-bc523 (base 16) to base 8
-2742443
-223511054 (base 6) to base 12
-145848a
Convert -1155253 (base 9) to base 8.
-2310716
Convert -156052 (base 9) to base 7.
-550454
1020211220222 (base 3) to base 9
1224828
Convert 1220172 (base 10) to base 4.
10221321030
-2202212102200 (base 3) to base 2
-101100111110001011000
-46444b5 (base 12) to base 8
-63464711
-21121111010 (base 4) to base 9
-4563585
Convert -18bbb (base 16) to base 7.
-601233
Convert 10122011011002 (base 3) to base 8.
7275270
Convert 35a19a (base 13) to base 11.
7a3992
-243674 (base 12) to base 5
-122233434
What is 221424101 (base 5) in base 16?
ec2e9
What is -11401343 (base 5) in base 6?
-2140533
-3f55f (base 16) to base 2
-111111010101011111
-433234320 (base 5) to base 6
-103412112
Convert -451299 (base 10) to base 13.
-12a554
30e38 (base 16) to base 10
200248
What is -2203330200 (base 4) in base 15?
-d3e80
Convert -124964 (base 10) to base 16.
-1e824
Convert 233063 (base 7) to base 16.
a3a3
What is -14555261 (base 8) in base 2?
-1100101101101010110001
What is -d7b9be (base 15) in base 11?
-5881755
What is 30020011 (base 4) in base 11?
34354
What is -12442220 (base 5) in base 14?
-33621
10630624 (base 7) to base 11
587172
853890 (base 11) to base 15
1bee18
1010100000011010 (base 2) to base 11
2a372
81143 (base 13) to base 9
381665
10100111111010100 (base 2) to base 13
30193
Convert -4277205 (base 8) to base 12.
-473599
-1512281 (base 9) to base 3
-1120102022201
-4763a (base 11) to base 3
-10111011121
Convert -18a33 (base 11) to base 8.
-63647
What is -16251 (base 15) in base 2?
-10001011011101001
1002041 (base 12) to base 15
3e0b94
Convert 21b288 (base 14) to base 16.
1177b8
b9be (base 15) to base 16
99a1
-150332312 (base 6) to base 15
-415925
What is -45152212 (base 8) in base 2?
-100101001101010010001010
What is 10121120001 (base 3) in base 9?
117501
What is 5bb1b (base 16) in base 13?
101c49
What is 285583 (base 11) in base 8?
1550165
Convert -189b4a2 (base 13) to base 4.
-132310131021
What is 13442333 (base 7) in base 14?
2490c3
cd0d9b (base 15) to base 6
545252332
Convert 27a94 (base 13) to base 8.
221110
What is b970 (base 15) in base 8?
114527
Convert -1000020100120 (base 3) to base 6.
-15253453
What is -11768 (base 10) in base 2?
-10110111111000
-12324214 (base 8) to base 2
-1010011010100010001100
Convert -62553732 (base 8) to base 11.
-755a698
What is -54447031 (base 8) in base 3?
-210222200100122
Convert -11302300 (base 4) to base 9.
-35484
Convert 658994 (base 11) to base 16.
100ad7
-501507 (base 8) to base 15
-33bd9
Convert 60ab8 (base 14) to base 10.
232618
What is 65743663 (base 8) in base 16?
d7c7b3
What is -258285 (base 9) in base 16?
-2652e
Convert -1522a8 (base 11) to base 10.
-237278
What is -21102110012 (base 3) in base 12?
-70695
What is -4837461 (base 9) in base 7?
-31204111
2582854 (base 12) to base 8
34133100
What is -257734 (base 12) in base 4?
-2112001120
Convert -f61d (base 16) to base 10.
-63005
What is -112233320101 (base 4) in base 7?
-101454442
What is -1207838 (base 9) in base 3?
-1020021221022
Convert -3232514 (base 6) to base 12.
-7873a
Convert 117952 (base 11) to base 7.
1403504
What is -ac05a (base 15) in base 6?
-15415351
5611473 (base 8) to base 15
1ed11b
What is -24413046 (base 8) in base 7?
-63504013
Convert 154000504 (base 6) to base 13.
8a480a
Convert 86d1 (base 14) to base 16.
5b0f
-52471 (base 11) to base 4
-102222031
What is -17f376 (base 16) in base 14?
-2cc062
What is 15614 (base 10) in base 16?
3cfe
Convert -1232635 (base 7) to base 15.
-323b7
What is 9489d8 (base 14) in base 3?
100102221101100
What is 132011021 (base 4) in base 12?
5b375
Convert 158b2 (base 12) to base 2.
111011111000110
425c63 (base 13) to base 14
2c6b92
What is 241413 (base 6) in base 13?
97b6
Convert 11111001101010111111 (base 2) to base 8.
3715277
Convert -23377 (base 9) to base 8.
-36406
What is 100321010 (base 4) in base 2?
10000111001000100
What is 44dec (base 16) in base 5?
33011332
6c9a7 (base 16) to base 2
1101100100110100111
What is 4450554 (base 6) in base 16?
36ca6
1af53b (base 16) to base 8
6572473
5523724 (base 8) to base 3
2210102200222
Convert -33cd91 (base 15) to base 12.
-9b3561
-1587316 (base 9) to base 12
-367a73
Convert -410740 (base 8) to base 10.
-135648
2347310 (base 8) to base 4
2130323020
What is ab782 (base 14) in base 5?
101301310
What is 425c80 (base 13) in base 6?
53200551
What is -1034636 (base 12) in base 15?
-405740
409540 (base 10) to base 3
202210210011
What is 113110020123 (base 4) in base 11?
34a4956
-3ba1c (base 14) to base 6
-3054254
Convert 194228 (base 10) to base 3.
100212102122
What is -61ab4c (base 16) in base 7?
-105256232
Convert -10001011111101101 (base 2) to base 16.
-117ed
Convert 114ab4 (base 15) to base 16.
c9a3f
What is -687439 (base 10) in base 9?
-1256881
What is 212011211121212 (base 3) in base 15?
1134d48
Convert 4002663 (base 10) to base 2.
1111010001001101100111
13699e (base 16) to base 4
10312212132
1134720 (base 8) to base 14
80c24
What is -ac04 (base 16) in base 5?
-2402121
What is 1215633 (base 11) in base 13?
59100a
What is 1516335 (base 9) in base 11?
522584
What is -11212126 (base 9) in base 11?
-308669a
-2121021211001 (base 3) to base 15
-1c4ddd
13589 (base 11) to base 12
b234
What is 2b49a (base 16) in base 6?
3444510
Convert 14662571 (base 8) to base 12.
1165309
-1000111002112 (base 3) to base 16
-8413a
What is -11111000100011100 (base 2) in base 12?
-61790
What is 235576 (base 9) in base 4?
202221030
86842 (base 10) to base 12
4230a
Convert -341442 (base 5) to base 13.
-5696
-34341 (base 12) to base 15
-15951
Convert -6040184 (base 10) to base 9.
-12325515
What is -1221020200 (base 3) in base 16?
-94c8
Convert 10101011110111111011 (base 2) to base 9.
1282626
What is -144304110 (base 5) in base 2?
-10111101010101101010
What is 32232661 (base 7) in base 5?
1200412032
Convert 139b7 (base 16) to base 7.
453100
1100101110111000100100 (base 2) to base 4
30232320210
Convert 1211121101122 (base 3) to base 5.
222221133
-12111122122220 (base 3) to base 4
-23022112020
-45133335 (base 6) to base 12
-55a24b
Convert 14bb7 (base 15) to base 3.
10101121001
What is -320212 (base 5) in base 16?
-29ba
What is 3410651 (base 10) in base 12?
118590b
40548 (base 11) to base 14
17821
1987a (base 15) to base 11
57328
-33a6b8 (base 12) to base 11
-515368
What is -48642 (base 15) in base 13?
-81146
What is -abdb30 (base 15) in base 14?
-1135376
What is 1032042 (base 6) in base 7?
301460
What is 37856 (base 9) in base 16?
638d
320111311 (base 4) to base 9
381504
1010011112110 (base 3) to base 5
123000141
What is -2235224 (base 7) in base 15?
-5754b
Convert 21219 (base 12) to base 8.
124765
Convert 830699 (base 10) to base 7.
10026602
What is 582972 (base 12) in base 7?
15012014
Convert 430686 (base 11) to base 14.
13d107
Convert -14287510 (base 9) to base 3.
-111022221120100
What is -92525 (base 11) in base 8?
-407627
-407782 (base 9) to base 10
-241940
Convert 55774 (base 14) to base 2.
110010100110101010
What is 7a56 (base 15) in base 12?
13030
Convert 2232022033 (base 5) to base 12.
17ab32b
1341223 (base 7) to base 4
223133110
What is -202101011 (base 4) in base 12?
-69285
What is 83312 (base 10) in base 6?
1441412
-204154 (base 6) to base 12
-965a
520467 (base 10) to base 13
152b8c
-323312200 (base 4) to base 7
-2040505
What is 1110101100110010001010 (base 2) in base 5?
1441302300
2001021000200 (base 3) to base 9
2037020
Convert 301333200 (base 5) to base 15.
18a4a0
Convert 3501737 (base 8) to base 3.
1210022212222
What is -133013202 (base 5) in base 10?
-672927
What is -1340012 (base 6) in base 5?
-4401201
11010000001000111001 (base 2) to base 3
1121022110110
-1201030100 (base 4) to base 14
-a5116
Convert -467db3 (base 14) to base 8.
-11126571
What is d1212 (base 15) in base 8?
2414717
Convert -a5297 (base 11) to base 7.
-1206161
What is -229219 (base 13) in base 15?
-112db1
Convert 31540013 (base 7) to base 3.
12001020220122
-4414351 (base 7) to base 13
-15c7a5
-131428 (base 9) to base 13
-2a434
17281367 (base 9) to base 11
4995459
What is -678a1 (base 11) in base 16?
-17fc2
Convert -370083 (base 9) to base 4.
-312132231
Convert 671d60 (ba